4
In base 5, what is 4230421222 - -2?
4230421224
In base 14, what is -16c9669 + 2?
-16c9667
In base 15, what is -6851a468 - -5?
-6851a463
In base 2, what is -101 + 1111111100011100101001?
1111111100011100100100
In base 15, what is 2da60d1 - -2?
2da60d3
In base 13, what is 55b4 + 104?
56b8
In base 14, what is d88bbd - 5?
d88bb8
In base 2, what is -101100001010100101100000 + 11?
-101100001010100101011101
In base 2, what is 10001010011111 - 1001111100010?
111010111101
In base 16, what is -1 + 236821?
236820
In base 9, what is 1058571 - 734?
1057736
In base 4, what is 110222032 + 1121?
110223213
In base 7, what is 56230 - 1610?
54320
In base 14, what is -22412753 + 1?
-22412752
In base 3, what is -1200 - -12002211020000?
12002211011100
In base 9, what is -10 - -663332?
663322
In base 6, what is 222412110 + -50?
222412020
In base 10, what is -2627 - 12051?
-14678
In base 9, what is 11130566 - 145?
11130421
In base 6, what is 12100050 - 25?
12100021
In base 13, what is b109641 - 8?
b109636
In base 7, what is 366 + -246?
120
In base 3, what is -1210 + -10120121200?
-10120200110
In base 6, what is -4434341 - -1224?
-4433113
In base 5, what is 40424103022 + 10?
40424103032
In base 12, what is -401 + -a51b?
-a920
In base 6, what is 315422 + -2454?
312524
In base 14, what is -2204a9 - 1d2?
-22069b
In base 11, what is 1109 - 5987?
-4879
In base 9, what is -1 - -105205481?
105205480
In base 7, what is -3300126 + 16?
-3300110
In base 7, what is -5 + 5455540?
5455532
In base 9, what is 11 - -484807?
484818
In base 15, what is -25 + 3b40?
3b1a
In base 2, what is -101100110 + -1111000010100?
-1111101111010
In base 15, what is 3 - 40e387a?
-40e3877
In base 16, what is -109a0d - -1?
-109a0c
In base 16, what is 105f - -4ab?
150a
In base 5, what is 22042411430 - 21?
22042411404
In base 16, what is 2bee6c7 + 4?
2bee6cb
In base 14, what is -18b5 - 1347?
-2c1c
In base 16, what is -ded - 4ff57?
-50d44
In base 8, what is 13127 - -65312?
100441
In base 2, what is 11111000 + 111100110111110?
111101010110110
In base 11, what is -12 - 164a49a2?
-164a4a04
In base 15, what is -c5be - -1b3?
-c40b
In base 6, what is 1030 + 221355?
222425
In base 2, what is -1001110 - 10000000010011001101?
-10000000010100011011
In base 13, what is -25 + 29a355c?
29a3537
In base 12, what is 1 - 4394a9b0?
-4394a9ab
In base 3, what is -1200101111222012001 + 12?
-1200101111222011212
In base 8, what is -4056325724 - 0?
-4056325724
In base 12, what is -a66a6 + -2a38?
-a9522
In base 5, what is 10212233 + 4?
10212242
In base 15, what is 27ce - -242a9?
26a88
In base 13, what is 1256309 - -b5?
12563c1
In base 8, what is 55766320 + -10?
55766310
In base 5, what is -124012001321 - 10?
-124012001331
In base 7, what is -3 + -356214412?
-356214415
In base 11, what is -4920a2a + 32?
-49209a8
In base 5, what is -40241311 - -114?
-40241142
In base 10, what is 403151669 + -4?
403151665
In base 4, what is 333100000 + 301?
333100301
In base 3, what is -2002111020021 + 2110?
-2002111010211
In base 15, what is 2721 - -340?
2a61
In base 11, what is -22 - -4317184?
4317162
In base 8, what is 6 - -501051231?
501051237
In base 14, what is 1532 - -1277?
27a9
In base 7, what is -4345211 + -12?
-4345223
In base 5, what is -323 + -3432332?
-3433210
In base 13, what is 3a433a + 9?
3a4346
In base 6, what is 250 - -14315440?
14320130
In base 4, what is 200 + -2030000200333?
-2030000200133
In base 9, what is -2037 + 114637?
112600
In base 4, what is -3 + 1211323230211?
1211323230202
In base 16, what is 6005 + 4?
6009
In base 2, what is -1001101110000100110 - -111101101?
-1001101101000111001
In base 2, what is -1010111001 + 10001101110011001?
10001100011100000
In base 15, what is -513 + -9a2?
-eb5
In base 14, what is 6 + -b0c22c?
-b0c226
In base 6, what is -15 + 1350000?
1345541
In base 13, what is 2 - -11a716c?
11a7171
In base 16, what is -241baf - -d?
-241ba2
In base 13, what is 4a890 - 11c7?
49696
In base 10, what is 258088745 + -3?
258088742
In base 16, what is 6c8c + 83?
6d0f
In base 5, what is 10404414302323 - 2?
10404414302321
In base 11, what is -767 + -11718?
-12384
In base 6, what is 1503 + 404304?
410211
In base 14, what is 20d9 + 2a3cd?
2c4c8
In base 7, what is -23 - 14605231?
-14605254
In base 9, what is 23827534 + -35?
23827488
In base 6, what is -524 + -412151?
-413115
In base 6, what is -2150254 + 352?
-2145502
In base 6, what is 11351 - 4155?
3152
In base 10, what is -11571 - 336?
-11907
In base 7, what is -36641114461 - -1?
-36641114460
In base 10, what is -4 - -41494?
41490
In base 8, what is 150765 + -4017?
144746
In base 12, what is 5a6661 + -25?
5a6638
In base 11, what is -139109a94 + 4?
-139109a90
In base 10, what is -66 - 1055990?
-1056056
In base 5, what is -203330043 + -101?
-203330144
In base 5, what is 123011300 - 12?
123011233
In base 6, what is -520 + 311541250?
311540330
In base 4, what is -1031132 + -3301212?
-10333010
In base 6, what is -50352511 - 0?
-50352511
In base 15, what is -8393 + -1b1?
-8554
In base 4, what is 3 - -20232031010?
20232031013
In base 15, what is 1a11d + -25c?
19db1
In base 12, what is -3836 - 38a32?
-40668
In base 15, what is -a26b + -140?
-a3ab
In base 8, what is 326 - -160566?
161114
In base 9, what is -14677365 + 3?
-14677362
In base 12, what is 26 - 239433?
-239409
In base 10, what is -2 - -66847708?
66847706
In base 5, what is -30124232 - 104?
-30124341
In base 7, what is 1 - 55150264?
-55150263
In base 15, what is -3125a4 + -c?
-3125b1
In base 15, what is -8e4d + -252?
-91a0
In base 9, what is 151 + -847572?
-847421
In base 7, what is -442103023 + -2?
-442103025
In base 11, what is 1681 - 1279?
403
In base 16, what is 44f26 + 13e?
45064
In base 8, what is 425163 - -321?
425504
In base 5, what is 34 - 2323442?
-2323403
In base 9, what is 12245077 - -2?
12245080
In base 5, what is -241403344 - 143?
-241404042
In base 13, what is 2633 + 11720?
14053
In base 14, what is 15cd6da + -2c?
15cd6ac
In base 9, what is -4 - -5457703?
5457688
In base 8, what is 3 + -2502212?
-2502207
In base 8, what is 14110605 + -32?
14110553
In base 12, what is 7a8b8 - -532?
7b22a
In base 10, what is 4 + 5295782?
5295786
In base 7, what is -112626 - -111631?
-665
In base 11, what is -373 - 11955?
-12218
In base 4, what is 3303002 + 1032102?
11001110
In base 6, what is -3044 - 153211?
-200255
In base 16, what is -183 + -40894?
-40a17
In base 3, what is 2202101111012 + 120111?
2202102001200
In base 9, what is 126001375 - 7?
126001367
In base 3, what is -10 - 10200202021012111?
-10200202021012121
In base 12, what is -5 + 1a7a72a?
1a7a725
In base 11, what is -2362048 - -109?
-2361a3a
In base 8, what is -76 - -33056235?
33056137
In base 2, what is -110 - 101011110010001110000001001?
-101011110010001110000001111
In base 11, what is 6 - 89a569?
-89a563
In base 5, what is -2 + -10212?
-10214
In base 13, what is 71751 + 6?
71757
In base 8, what is -6356 - 13330?
-21706
In base 7, what is -21361 - 31401?
-53062
In base 15, what is -b501 + -e3?
-b5e4
In base 5, what is 1032411 + -1242?
1031114
In base 14, what is -164a8ac6 + -1?
-164a8ac7
In base 3, what is -12121011 - 200221021?
-220112102
In base 13, what is 2 - -91aa9b0?
91aa9b2
In base 9, what is 2 + -8545604?
-8545602
In base 8, what is -10 + 310132476?
310132466
In base 4, what is -2011020231 + 2212?
-2011012013
In base 8, what is 2 + -41775007?
-41775005
In base 9, what is 254086156 - -1?
254086157
In base 4, what is 11 - -10300000300010?
10300000300021
In base 7, what is 5656 + 3113245?
3122234
In base 12, what is a97 - -51?
b28
In base 16, what is -6a5 + -12bf?
-1964
In base 12, what is 2257376b + 0?
2257376b
In base 7, what is -453216511 - -4?
-453216504
In base 11, what is -5 + -a092920?
-a092925
In base 8, what is 11625640 - -4?
11625644
In base 2, what is 10000 + 101110111000110100110100?
101110111000110101000100
In base 10, what is 133876 + 24?
133900
In base 12, what is -1449b987 - 2?
-1449b989
In base 11, what is -78791 + -2a?
-78810
In base 16, what is -2e711 + 848?
-2dec9
In base 10, what is -15678041 - -39?
-15678002
In base 12, what is 8100 + 11475?
19575
In base 5, what is 2323200 + 213040?
3041240
In base 14, what is -2d62 + 1a5?
-2b9b
In base 10, what is -2100 - 347438?
-349538
In base 9, what is -55 - 462120?
-462175
In base 2, 